m = -5*h + 10450, 0 = h - m + 4*m - 2096. What is the units digit of h?
7
Let v be (-1*(-2)/(-4))/((-25)/200). Suppose v*f + 5*b - 720 = 0, -3*f + 9*b = 4*b - 575. What is the hundreds digit of f?
1
Let n(t) = -253*t - 98. Suppose -9*b = -3*a - 10*b - 12, -a = 3*b + 12. What is the tens digit of n(a)?
6
Let p = 55 + -53. Suppose p*c - 5*z - 1847 = 0, -5*z = 2*c - 2*z - 1887. Suppose 2*x - 11*x = -c. What is the units digit of x?
4
Let y(p) be the first derivative of -p**3/3 + 17*p**2/2 + 41*p - 17. Let g be y(19). Suppose -3*z - 266 = -g*x + z, 0 = x - z - 89. What is the tens digit of x?
9
Let j be (16 - 1)/(6/4). What is the tens digit of 9247/j + 6/20?
2
Let q = -1863 + 6280. What is the thousands digit of q?
4
Suppose -4*u + 1232 = 4*i, -12 = 12*u - 8*u. Let y = i + -170. What is the hundreds digit of y?
1
Let u(l) = -5*l**2 + 28*l - 7. Let p be u(5). Suppose p*z + 216 = 14*z. What is the tens digit of z?
3
Let a be (-6)/45*3 + (-531)/(-15). Suppose 5*c - c = -5*g + 46, 5*c - 5*g = a. Suppose -c*s + 255 = -6*s. What is the tens digit of s?
8
What is the ten thousands digit of 19*10/190 + 25*541?
1
Let g(y) = 6077*y + 2229. What is the ten thousands digit of g(2)?
1
Let v(m) = 239*m + 116. Let g be v(6). Suppose -7680 = -10*s - g. What is the units digit of s?
3
Suppose -1723*g + 1704*g + 271966 = 0. What is the thousands digit of g?
4
Let x(t) = t - 2. Let f be x(5). Suppose 0 = -2*y - z - f*z + 2, 0 = 3*y - 2*z - 27. Suppose 0 = 5*u - y*u + 66. What is the tens digit of u?
3
What is the tens digit of 2*1/9 - 4794093/(-243)?
2
Suppose 8*p - 6832 - 32824 = 0. What is the thousands digit of p?
4
Suppose 0*k = -3*i + 4*k + 376, -3*i - 3*k + 411 = 0. Let c = -127 - -62. Let w = i + c. What is the units digit of w?
7
Let u(m) = 15*m. Let c(y) = -14*y + 1. Let x(r) = -5*c(r) - 6*u(r). Let h(a) = 280*a + 70. Let t(g) = -4*h(g) - 55*x(g). What is the units digit of t(-8)?
5
Suppose 7 = y + 4*g - 0, g = -3*y + 32. Suppose -4*x = -y - 265. Let c = x - -4. What is the tens digit of c?
7
Let u(k) = 5*k + 56. Let a(n) = -2*n - 19. Let v(i) = 11*a(i) + 4*u(i). Let p be v(-3). What is the tens digit of 1 - p*30/(-5)?
2
Let p = 79 - 76. Suppose 0 = -0*g - 3*g - p*z + 756, g = -2*z + 251. What is the hundreds digit of g?
2
Let t(x) = x**3 + 35*x**2 + 27*x - 2. Suppose -160 = 5*c + 5*j, -12 = -4*c + 3*j - 154. What is the hundreds digit of t(c)?
2
Suppose -n = 2*v - 23545, 0 = 11*n - 16*n + 15. What is the tens digit of v?
7
Let z = 87 - 82. Suppose 5*t + z*h + 25 = 0, 5*h = 4*t - 19 - 6. Suppose t = 5*v + 5*j + 209 - 659, 4*j + 8 = 0. What is the tens digit of v?
9
Suppose 5 = 4*p - 207. Let v(o) = -23 - p*o - o**3 - 18*o**2 + 14 - 8*o**2. What is the hundreds digit of v(-24)?
1
Suppose -37*x = -46*x + 171. Suppose -41*k + x*k = -3212. What is the tens digit of k?
4
Let q(m) = -m**3 - 10*m**2 - 16*m + 9. Let r be q(-8). Suppose 2*s + 5*c - 539 = 0, -r*c - 541 = -2*s - 12*c. What is the tens digit of s?
7
Let f(p) = p**2 - 4*p + 3. Let d be f(0). Suppose 0*c + d*c - 198 = 0. Suppose 24 = -2*w + c. What is the tens digit of w?
2
Let o = -3317 + 3505. What is the hundreds digit of o?
1
Let a(b) = -2*b + 4*b + 9*b - 31 + 11*b. What is the hundreds digit of a(6)?
1
What is the units digit of (-140)/(-14) - -1*(25861 + 2)?
3
Let d(l) = -23*l + 33. Let v be d(18). Let a = -89 - v. What is the units digit of a?
2
Let j = -110 - -166. Suppose -j - 601 = -2*x + 3*t, 0 = -4*x - t + 1307. What is the units digit of x?
7
Let c be 4*118 + (-8)/(-4). Suppose -b + 2*u = 2*b - c, -790 = -5*b - 4*u. Suppose 4*v - 26 = b. What is the tens digit of v?
4
Let t(b) be the first derivative of 3*b**2 - 7*b + 15. Let m be t(2). Suppose 4*a = -m*a + 387. What is the units digit of a?
3
Suppose 56*p - 379373 - 119274 = -1255. What is the units digit of p?
2
Suppose -65*a = -2965 - 419925. Suppose 11*z = 4934 + a. What is the tens digit of z?
4
Let l(h) = 10*h**2 - 13*h + 45. Let t be l(6). Let j = t + -303. What is the tens digit of j?
2
Let n(z) = 33*z**2 - 20*z**2 + z**3 + 19 - 2 - 2*z + 0*z**3. Suppose 20 = -2*y - 6. What is the units digit of n(y)?
3
Let d(o) = -1280*o - 298. What is the thousands digit of d(-4)?
4
Let l(m) = -m**3 - 5*m**2 + 13*m - 4. Let b be l(-7). Let i be -12 + 16/((-4)/(-1)) + b. What is the units digit of 12/(-20) + (-673)/i?
4
Suppose 4*s = 45 - 213. Let w = s - -106. What is the units digit of w?
4
Suppose -341 = 19*a - 94. Let k(i) = -i**3 - i**2 + 83*i - 18. What is the hundreds digit of k(a)?
9
Suppose -10*b - 317 + 1237 = 0. Suppose j + 4*k - b = 0, -6*k + 3*k = j - 93. What is the tens digit of j?
9
Let v be ((0/1)/(-4))/(-3 - -1). Suppose -k + 2*s + 136 = -0*s, v = -2*s - 2. What is the units digit of k?
4
Let p(h) = h**3 + 2*h**2 - 6*h + 7. Let t be p(3). Suppose 44 = -t*n + 38*n. What is the units digit of (-12 + n)/((-2)/14)?
7
Let z = 378 - 369. What is the hundreds digit of 28*16 + z + -6 + 1?
4
Let g be (-2)/(-10) + 0 + 904/5. Let k be (g/(-5))/((-6)/30). Suppose -7*p + k = -260. What is the units digit of p?
3
Suppose -x + 5*k + 11000 = 0, -2*x + 49*k = 45*k - 22000. What is the ten thousands digit of x?
1
Let p(b) = 1351*b - 2522. What is the ten thousands digit of p(40)?
5
Let a(o) = 112*o - 7. Let g be a(6). Suppose -g = -10*z + 3535. What is the units digit of z?
0
Suppose 15 = -5*v, -4*u - 102823 = 4*v - 302235. What is the tens digit of u?
5
Let o be ((-10)/8 - 36/(-48))*-216. Suppose 113*t - 1755 = o*t. What is the units digit of t?
1
Let r(c) = c**3 - c**2 - 2*c + 2. Let t be r(1). Suppose 5*x = -3*a + 1585, 2*x = -t*x + 4*a + 634. What is the tens digit of x?
1
Let j(p) = -6*p**2 + 49 + 12*p - 22 + 5*p - p**3. Suppose 101 - 270 = 10*x - 79. What is the tens digit of j(x)?
1
What is the tens digit of -14664*(7 + (6/12 + -3 - 5))?
3
Let i(a) = 23*a + 9. Suppose 17 = o + 3*x, 3*o - 43 = -4*x - 17. Let u be i(o). Let y = u + -45. What is the tens digit of y?
1
Let z(g) = 2*g**2 + 2*g - 40. Let l be z(24). Let i = 1778 - l. What is the tens digit of i?
1
What is the hundreds digit of (-8)/((-32)/131220)*136/340?
1
Let i = 7 - 1. Let g(w) = 10 + 2 + 7*w - 16. What is the units digit of g(i)?
8
Let y(h) = -724*h + 17. Suppose -5*m - p - 6 = 0, 7*p + 4 = -2*m + 5*p. What is the tens digit of y(m)?
4
Suppose -17*h - 4116 = -20*h. Suppose 11*b - 14275 + h = 0. What is the tens digit of b?
7
Suppose -219*r + 36*r + 2554794 = 59*r. What is the ten thousands digit of r?
1
Let x(l) = -5*l**2 + 12*l - 12. Let g be x(8). Let n be (-3 - g)/(1/1). Suppose 5*i + 5*h - n - 192 = 0, -4*h = 5*i - 428. What is the units digit of i?
8
Let f(p) = 437*p + 1950. What is the units digit of f(14)?
8
What is the units digit of (-271)/(-542) + (411345/(-2))/(-5)?
5
Let o(u) = -50*u - 18. Let p(f) = f**2 + 13*f - 13. Let l be p(-13). Let i be o(l). Let v = i + -435. What is the tens digit of v?
9
What is the units digit of (-4)/(-8) - 0 - 147195/(-90)?
6
Let i(o) be the second derivative of -o**3/6 - 4*o**2 - 12*o. Let c be i(13). What is the units digit of (-20)/6*c/14?
5
Suppose 0 = 5*s - 20, -86*s - 14704 = -2*n - 81*s. What is the tens digit of n?
6
Let i = 34434 + -18558. What is the hundreds digit of ((i/3)/3)/(1/1)?
7
Suppose 620*n - 626*n + 4362 = 0. Suppose -n = -p - 87. What is the hundreds digit of p?
6
What is the units digit of 1100 - (-6 + (-208)/16)?
9
Let g(n) = -n**3 + 6*n**2 + 40*n. Let c be g(10). Suppose 5*x - m - 1064 = m, 3*x - 5*m - 646 = c. What is the tens digit of x?
1
Let d(m) = -7*m**2 + 7*m - 5. Let r be d(1). Let y = r - -66. What is the units digit of y?
1
Let n(v) = -52*v + 92. Let u be n(-30). Suppose -2668 - u = -12*w. What is the hundreds digit of w?
3
Let k(b) = -2*b**3 - 2 + 41*b**3 - 2*b**2 + 3*b + b. Let q be k(2). Suppose 2*t + 2*x = 5*t - 191, -q = -5*t - 5*x. What is the tens digit of t?
6
Let f(c) = 91*c + 890. Let p be f(-10). Suppose -2*n - 100 = -4*n. Let o = p + n. What is the units digit of o?
0
Let q be (2 - (-2 - -5))*-5. Let x(v) = 5*v - 12. Let d be x(q). What is the tens digit of d/(39/13 + 82/(-28))?
8
Let b = -174 - -2136. Suppose -6*n = -4*f + b, -n - n = 3*f - 1478. What is the hundreds digit of f?
4
Let k be (9/(-15))/((-5)/25). Suppose -5*i = -2*l - 1548, k*l + 237 = i - 70. What is the hundreds digit